ist the prime factors of 167003.
23, 53, 137
List the prime factors of 986497.
986497
List the prime factors of 4195934.
2, 2097967
List the prime factors of 2576802.
2, 3, 429467
What are the prime factors of 3426439?
877, 3907
What are the prime factors of 9050650?
2, 5, 7, 19, 1361
List the prime factors of 11062982.
2, 7, 503, 1571
What are the prime factors of 3042329?
3042329
What are the prime factors of 112467?
3, 37489
What are the prime factors of 4165677?
3, 227, 2039
What are the prime factors of 2572851?
3, 29, 29573
List the prime factors of 1790219.
17, 31, 43, 79
What are the prime factors of 266392?
2, 7, 67, 71
What are the prime factors of 215706?
2, 3, 35951
What are the prime factors of 19869622?
2, 9934811
What are the prime factors of 185841?
3, 6883
List the prime factors of 10722744.
2, 3, 148927
What are the prime factors of 20830488?
2, 3, 7, 17713
What are the prime factors of 6212623?
491, 12653
What are the prime factors of 1429350?
2, 3, 5, 13, 733
What are the prime factors of 3998392?
2, 113, 4423
What are the prime factors of 55030?
2, 5, 5503
What are the prime factors of 2465860?
2, 5, 139, 887
List the prime factors of 62908.
2, 15727
List the prime factors of 2218787.
23, 96469
What are the prime factors of 842909?
313, 2693
List the prime factors of 249087.
3, 79, 1051
List the prime factors of 47445.
3, 5, 3163
List the prime factors of 18950582.
2, 7, 1353613
List the prime factors of 2060103.
3, 59, 103, 113
List the prime factors of 473706.
2, 3, 26317
What are the prime factors of 5428360?
2, 5, 7, 19387
What are the prime factors of 2388769?
2388769
What are the prime factors of 38228?
2, 19, 503
What are the prime factors of 494316?
2, 3, 23, 199
List the prime factors of 756771.
3, 149, 1693
What are the prime factors of 295520?
2, 5, 1847
List the prime factors of 166525.
5, 6661
What are the prime factors of 271056?
2, 3, 5647
What are the prime factors of 1127241?
3, 251, 499
What are the prime factors of 744429?
3, 7, 35449
List the prime factors of 335846.
2, 7, 23, 149
List the prime factors of 304743.
3, 101581
List the prime factors of 4453945.
5, 890789
List the prime factors of 8370552.
2, 3, 43, 8111
What are the prime factors of 174564?
2, 3, 13, 373
List the prime factors of 20170098.
2, 3, 13, 86197
List the prime factors of 1161955.
5, 232391
List the prime factors of 2675403.
3, 99089
What are the prime factors of 222866?
2, 7, 15919
What are the prime factors of 25121386?
2, 61, 205913
What are the prime factors of 492635?
5, 11, 13, 53
List the prime factors of 2346.
2, 3, 17, 23
What are the prime factors of 138337?
138337
List the prime factors of 377819.
13, 29063
List the prime factors of 52048.
2, 3253
List the prime factors of 582685.
5, 116537
What are the prime factors of 726339?
3, 197, 1229
What are the prime factors of 81333?
3, 7, 1291
List the prime factors of 500893.
257, 1949
List the prime factors of 6827708.
2, 1706927
What are the prime factors of 29108569?
7, 4158367
What are the prime factors of 157185?
3, 5, 7, 499
List the prime factors of 3509592.
2, 3, 257, 569
What are the prime factors of 23436521?
23436521
List the prime factors of 79250.
2, 5, 317
What are the prime factors of 60955?
5, 73, 167
List the prime factors of 1069588.
2, 13, 67, 307
What are the prime factors of 7975107?
3, 7, 277, 457
List the prime factors of 20028569.
11, 229, 7951
List the prime factors of 8079601.
23, 351287
List the prime factors of 13122.
2, 3
List the prime factors of 978476.
2, 244619
List the prime factors of 542179.
11, 23, 2143
What are the prime factors of 19425981?
3, 43, 150589
What are the prime factors of 1610515?
5, 29, 383
List the prime factors of 372642.
2, 3, 173, 359
List the prime factors of 4445886.
2, 3, 19, 59, 661
List the prime factors of 1523937.
3, 507979
What are the prime factors of 3740082?
2, 3, 73, 8539
What are the prime factors of 455980?
2, 5, 7, 3257
What are the prime factors of 2066568?
2, 3, 7, 12301
List the prime factors of 22324902.
2, 3, 61, 181, 337
What are the prime factors of 7206045?
3, 5, 7, 11, 17, 367
List the prime factors of 412836.
2, 3, 34403
List the prime factors of 4805449.
11, 37, 11807
List the prime factors of 420269.
420269
What are the prime factors of 264121?
11, 13, 1847
List the prime factors of 1080784.
2, 31, 2179
What are the prime factors of 354964?
2, 88741
List the prime factors of 33905619.
3, 11, 342481
What are the prime factors of 7693560?
2, 3, 5, 7, 43, 71
List the prime factors of 5729934.
2, 3, 7, 227, 601
What are the prime factors of 531631?
531631
What are the prime factors of 388443?
3, 11, 79, 149
What are the prime factors of 97850?
2, 5, 19, 103
What are the prime factors of 892917?
3, 33071
What are the prime factors of 72108?
2, 3, 2003
List the prime factors of 471620.
2, 5, 23581
What are the prime factors of 1416182?
2, 708091
List the prime factors of 389857.
13, 29989
What are the prime factors of 705785?
5, 141157
What are the prime factors of 5160854?
2, 857, 3011
List the prime factors of 1224763.
1224763
List the prime factors of 17811072.
2, 3, 15461
List the prime factors of 102772.
2, 25693
What are the prime factors of 1079851?
79, 13669
List the prime factors of 1149690.
2, 3, 5, 19, 2017
What are the prime factors of 160813?
160813
What are the prime factors of 802841?
13, 61757
What are the prime factors of 98984?
2, 12373
What are the prime factors of 3127457?
19, 241, 683
List the prime factors of 273730.
2, 5, 31, 883
List the prime factors of 519779.
13, 39983
What are the prime factors of 407557?
31, 13147
What are the prime factors of 41660?
2, 5, 2083
List the prime factors of 6257070.
2, 3, 5, 37, 1879
List the prime factors of 25855207.
7, 3693601
What are the prime factors of 11402779?
23, 495773
What are the prime factors of 22089434?
2, 163, 67759
List the prime factors of 3883548.
2, 3, 17, 19037
List the prime factors of 496155.
3, 5, 11, 31, 97
What are the prime factors of 4309617?
3, 13, 110503
What are the prime factors of 1163905?
5, 17, 13693
List the prime factors of 462121.
11, 43, 977
What are the prime factors of 421781?
19, 79, 281
What are the prime factors of 17898075?
3, 5, 13, 29, 211
List the prime factors of 3395074.
2, 53, 32029
List the prime factors of 2731285.
5, 167, 3271
List the prime factors of 75847.
73, 1039
What are the prime factors of 25093580?
2, 5, 191, 6569
List the prime factors of 223074.
2, 3, 17
List the prime factors of 299860.
2, 5, 11, 29, 47
What are the prime factors of 4953221?
7, 13, 53, 79
List the prime factors of 581890.
2, 5, 58189
What are the prime factors of 6442725?
3, 5, 85903
List the prime factors of 823271.
823271
What are the prime factors of 22495325?
5, 797, 1129
What are the prime factors of 362718?
2, 3, 2239
What are the prime factors of 199063?
19, 10477
What are the prime factors of 236479?
236479
What are the prime factors of 5382893?
29, 419, 443
What are the prime factors of 22248116?
2, 11, 505639
List the prime factors of 360206.
2, 7, 11, 2339
List the prime factors of 18157084.
2, 11, 19, 37, 587
List the prime factors of 10284279.
3, 53, 71, 911
List the prime factors of 12631501.
29, 435569
List the prime factors of 1878191.
7, 157, 1709
List the prime factors of 764085.
3, 5, 7, 19, 383
List the prime factors of 1126886.
2, 53, 10631
List the prime factors of 116887.
179, 653
What are the prime factors of 180760?
2, 5, 4519
List the prime factors of 2857691.
229, 12479
What are the prime factors of 41990?
2, 5, 13, 17, 19
List the prime factors of 202053.
3, 47, 1433
List the prime factors of 1246519.
599, 2081
List the prime factors of 15153807.
3, 5051269
What are the prime factors of 5241016?
2, 11, 59557
What are the prime factors of 58788?
2, 3, 23, 71
List the prime factors of 1112164.
2, 278041
List the prime factors of 1710294.
2, 3, 285049
What are the prime factors of 83044?
2, 13, 1597
What are the prime factors of 193319?
7, 27617
What are the prime factors of 1270351?
257, 4943
What are the prime factors of 210392?
2, 7, 13, 17
What are the prime factors of 10021765?
5, 13, 154181
What are the prime factors of 549271?
19, 28909
What are the prime factors of 240734